on divisor of 25532 and 1196?
52
Calculate the highest common divisor of 1580 and 3460.
20
What is the highest common factor of 25 and 4091150?
25
What is the greatest common factor of 63 and 65979?
9
Calculate the highest common divisor of 933964 and 152.
76
Calculate the greatest common factor of 8184 and 15576.
264
Calculate the greatest common divisor of 6 and 37551.
3
Calculate the highest common factor of 1955 and 935.
85
Calculate the highest common factor of 9583 and 119.
7
Calculate the highest common divisor of 375 and 3459.
3
Calculate the greatest common divisor of 432 and 158544.
432
Calculate the greatest common divisor of 1008790 and 1436.
718
What is the greatest common factor of 273 and 16887?
39
What is the highest common factor of 459 and 57375?
459
What is the highest common factor of 2558449 and 17?
17
What is the greatest common divisor of 5405 and 3760?
235
What is the highest common divisor of 322388 and 20196?
748
Calculate the highest common factor of 42116 and 4.
4
What is the highest common divisor of 98704 and 186?
62
Calculate the greatest common divisor of 77565 and 60.
15
What is the greatest common factor of 48 and 77208?
24
What is the greatest common factor of 458 and 8?
2
What is the highest common factor of 780539 and 114?
19
What is the greatest common factor of 703647 and 162?
81
What is the highest common factor of 12 and 576282?
6
What is the highest common factor of 84045 and 13?
13
What is the greatest common factor of 6 and 143150?
2
What is the greatest common factor of 230648 and 44?
44
Calculate the greatest common divisor of 44 and 3732.
4
What is the greatest common divisor of 1288 and 165088?
56
Calculate the greatest common factor of 5696 and 5518.
178
What is the highest common factor of 6 and 501?
3
What is the greatest common factor of 38299 and 14?
1
Calculate the greatest common factor of 34 and 129727.
17
Calculate the greatest common factor of 6625 and 22625.
125
What is the highest common factor of 147 and 2681?
7
What is the greatest common factor of 385 and 9765?
35
What is the highest common factor of 3507 and 7896?
21
Calculate the greatest common factor of 6 and 354854.
2
Calculate the highest common divisor of 208 and 120900.
52
What is the greatest common factor of 11 and 289883?
11
Calculate the highest common factor of 19376 and 7028.
28
Calculate the highest common factor of 603 and 13467.
201
Calculate the greatest common factor of 322 and 1783443.
23
What is the greatest common divisor of 559132 and 35?
7
What is the greatest common factor of 187 and 2754?
17
What is the greatest common factor of 881 and 1135609?
881
What is the highest common factor of 88452 and 299?
13
Calculate the highest common factor of 586 and 514801.
293
What is the highest common factor of 533731 and 121?
121
What is the highest common factor of 8 and 14900?
4
What is the greatest common factor of 30 and 5685?
15
Calculate the greatest common divisor of 14 and 76034.
14
What is the highest common divisor of 6656 and 569504?
416
What is the highest common factor of 30 and 43341?
3
What is the greatest common factor of 735010 and 310?
310
Calculate the highest common factor of 14972 and 9348.
76
What is the greatest common divisor of 872 and 1962?
218
Calculate the greatest common factor of 556832 and 128.
32
What is the highest common factor of 484 and 707652?
44
What is the greatest common divisor of 41078 and 94?
94
What is the highest common factor of 20137 and 104?
13
What is the highest common divisor of 1891 and 2257?
61
Calculate the greatest common factor of 10 and 303220.
10
Calculate the highest common factor of 3173 and 703.
19
What is the greatest common factor of 9521344 and 7?
7
What is the greatest common divisor of 736 and 54717?
23
What is the highest common factor of 1221752 and 112?
56
Calculate the greatest common divisor of 1554 and 53186.
14
Calculate the highest common divisor of 36565 and 3605.
515
What is the highest common divisor of 2748 and 24?
12
What is the highest common divisor of 1672 and 35872?
152
What is the greatest common factor of 1342 and 427?
61
Calculate the highest common divisor of 10 and 1200470.
10
What is the highest common divisor of 73228 and 4?
4
Calculate the greatest common factor of 3768 and 768.
24
Calculate the greatest common divisor of 128024 and 104.
104
Calculate the greatest common factor of 3 and 64875.
3
Calculate the highest common factor of 34255 and 2418.
403
Calculate the greatest common factor of 180388 and 52.
52
Calculate the highest common factor of 52129 and 6770.
677
Calculate the greatest common factor of 320 and 83032.
8
What is the highest common divisor of 1996608 and 192?
192
What is the greatest common factor of 763425 and 7475?
325
Calculate the highest common divisor of 67978 and 492.
82
Calculate the greatest common divisor of 175 and 19090.
5
Calculate the greatest common factor of 215 and 32164.
43
Calculate the highest common factor of 49558 and 62471.
349
Calculate the greatest common factor of 7423 and 261518.
571
What is the highest common factor of 163152 and 25872?
528
What is the greatest common divisor of 216 and 12069?
27
What is the greatest common factor of 2894 and 10?
2
Calculate the highest common divisor of 22 and 65460.
2
What is the greatest common divisor of 385 and 11660?
55
What is the highest common divisor of 63 and 162873?
9
Calculate the highest common factor of 3749 and 57109.
23
Calculate the greatest common divisor of 16978 and 104.
26
Calculate the greatest common divisor of 123600 and 480.
240
What is the highest common factor of 136871 and 7?
7
Calculate the highest common divisor of 1292 and 76.
76
Calculate the highest common divisor of 32 and 371592.
8
Calculate the highest common factor of 94129 and 14994.
833
Calculate the greatest common divisor of 25093 and 11040.
23
What is the greatest common factor of 747 and 167909?
83
What is the highest common factor of 240 and 8190?
30
What is the greatest common factor of 63 and 46256?
7
What is the greatest common divisor of 12832992 and 16?
16
What is the highest common factor of 52444 and 189?
7
What is the highest common divisor of 417116 and 28?
28
Calculate the greatest common factor of 501 and 2589.
3
What is the highest common factor of 1048 and 734124?
524
What is the greatest common divisor of 7 and 37821?
7
What is the highest common divisor of 156148 and 103?
103
What is the greatest common factor of 18458 and 308?
22
Calculate the highest common factor of 52908 and 36.
12
Calculate the highest common divisor of 77675 and 975.
325
Calculate the greatest common factor of 1851492 and 12.
12
Calculate the greatest common factor of 9 and 156474.
9
Calculate the greatest common factor of 14546 and 182.
14
What is the greatest common factor of 18179 and 4081?
371
What is the highest common divisor of 7235 and 10?
5
Calculate the highest common factor of 1113 and 903.
21
Calculate the highest common factor of 16251 and 6.
3
Calculate the highest common factor of 36003 and 33.
33
Calculate the greatest common factor of 4752 and 66825.
297
What is the greatest common factor of 27 and 4114458?
9
Calculate the highest common factor of 182454 and 47.
47
Calculate the highest common factor of 2913935 and 703.
703
Calculate the highest common factor of 2076 and 526266.
1038
Calculate the greatest common divisor of 42 and 281001.
21
What is the greatest common divisor of 339065 and 425?
85
Calculate the greatest common divisor of 10465 and 22113.
91
Calculate the greatest common factor of 5756 and 16.
4
Calculate the highest common divisor of 264 and 5478.
66
What is the highest common divisor of 31504 and 88?
88
Calculate the greatest common divisor of 3504 and 576.
48
Calculate the highest common divisor of 144 and 2220912.
144
Calculate the greatest common divisor of 8528 and 832.
208
What is the highest common divisor of 23 and 745729?
23
What is the highest common divisor of 2600490 and 204?
102
Calculate the highest common factor of 100 and 785.
5
Calculate the greatest common divisor of 306 and 3298.
34
Calculate the greatest common divisor of 5520 and 72.
24
Calculate the greatest common divisor of 145885 and 7160.
895
Calculate t